{"id":344,"date":"2023-11-23T14:22:36","date_gmt":"2023-11-23T14:22:36","guid":{"rendered":"http:\/\/praxis-kannenberg.de\/?page_id=344"},"modified":"2023-11-23T14:22:36","modified_gmt":"2023-11-23T14:22:36","slug":"polygrafie-ambulante-schlafuntersuchung","status":"publish","type":"page","link":"http:\/\/praxis-kannenberg.de\/?page_id=344","title":{"rendered":"Polygrafie (ambulante Schlafuntersuchung)"},"content":{"rendered":"\n<p>Schnarchen Sie? Wurden n\u00e4chtliche Atemaussetzer beobachtet? Leiden Sie an Tagesm\u00fcdigkeit, gar an Sekundenschlaf beim Autofahren? Es k\u00f6nnte sich bei Ihnen um eine schlafbezogene Atemst\u00f6rung handeln, ein sogenannes Obstruktives Schlafapnoe Syndrom (oSAS). Vereinbaren Sie einen ambulanten Untersuchungstermin in unserer Praxis.<\/p>\n","protected":false},"excerpt":{"rendered":"<p>Schnarchen Sie? Wurden n\u00e4chtliche Atemaussetzer beobachtet? Leiden Sie an Tagesm\u00fcdigkeit, gar an Sekundenschlaf beim Autofahren? Es k\u00f6nnte sich bei Ihnen um eine schlafbezogene Atemst\u00f6rung handeln, ein sogenannes Obstruktives Schlafapnoe Syndrom (oSAS). Vereinbaren Sie einen ambulanten Untersuchungstermin in unserer Praxis.<\/p>\n","protected":false},"author":2,"featured_media":0,"parent":0,"menu_order":0,"comment_status":"closed","ping_status":"closed","template":"","meta":{"footnotes":""},"_links":{"self":[{"href":"http:\/\/praxis-kannenberg.de\/index.php?rest_route=\/wp\/v2\/pages\/344"}],"collection":[{"href":"http:\/\/praxis-kannenberg.de\/index.php?rest_route=\/wp\/v2\/pages"}],"about":[{"href":"http:\/\/praxis-kannenberg.de\/index.php?rest_route=\/wp\/v2\/types\/page"}],"author":[{"embeddable":true,"href":"http:\/\/praxis-kannenberg.de\/index.php?rest_route=\/wp\/v2\/users\/2"}],"replies":[{"embeddable":true,"href":"http:\/\/praxis-kannenberg.de\/index.php?rest_route=%2Fwp%2Fv2%2Fcomments&post=344"}],"version-history":[{"count":2,"href":"http:\/\/praxis-kannenberg.de\/index.php?rest_route=\/wp\/v2\/pages\/344\/revisions"}],"predecessor-version":[{"id":346,"href":"http:\/\/praxis-kannenberg.de\/index.php?rest_route=\/wp\/v2\/pages\/344\/revisions\/346"}],"wp:attachment":[{"href":"http:\/\/praxis-kannenberg.de\/index.php?rest_route=%2Fwp%2Fv2%2Fmedia&parent=344"}],"curies":[{"name":"wp","href":"https:\/\/api.w.org\/{rel}","templated":true}]}}